3 + 11*g**2 + 20*g + 103. Is r(-20) a composite number?
True
Let h = -455 - -656. Let k = h + 1198. Is k prime?
True
Let v(c) = -180*c - 21. Suppose -8*i + 7 - 39 = 0. Is v(i) prime?
False
Let t(o) be the first derivative of -19*o**2/2 - 5*o + 1. Suppose -2*u = 41 - 33. Is t(u) composite?
False
Let n be 1*(-5 + 4/2). Let s be -29*(2 + (n - 0)). Let f = 8 + s. Is f prime?
True
Let h = 516 - 227. Let k = h + -202. Is k prime?
False
Suppose 21 = 2*d + d. Let o be (-8)/(-4)*218 + -1. Suppose 0 = -4*b + d*b - o. Is b a composite number?
True
Suppose m + m = -4*c + 106, c + 3*m = 34. Suppose h + 0*k - 3080 = -3*k, 5*k = -5*h + 15400. Is h/c - (-3)/(-15) a prime number?
False
Let p be 84/32 - 6/(-16). Suppose 5*c + p*w + 304 - 1490 = 0, -3*c + 3*w + 726 = 0. Is c composite?
False
Let l = -3661 + 7460. Is l a prime number?
False
Let i(k) = k**3 + 7*k**2 + 12*k - 37. Is i(16) a prime number?
True
Suppose -n + 2 - 45 = 0. Let b(w) = 10*w**3 + 13*w**2 + 12*w - 1. Let i be b(-5). Let t = n - i. Is t composite?
True
Let v(a) = a**3 + a - 2. Let p be v(0). Let c be (-3)/p*(-100)/(-30). Suppose -2*j = h - 129 - 98, c*h - 1174 = 3*j. Is h composite?
False
Is 4 - ((-9)/(-3) + -15072) prime?
True
Let z(a) = -a**2 - 6*a + 6. Let f be z(-7). Let q be (-729 + 2)/(f/(-1)). Let x = -330 - q. Is x prime?
True
Let s = 138 - -53. Is s composite?
False
Let p = -25 - -25. Let d(t) = -t**3 + t + 419. Is d(p) prime?
True
Suppose -3*s - 2*x + 19552 = -5399, 3*x - 8317 = -s. Is s prime?
True
Suppose 3*l = -4*a + 48025, -5*l + 10282 + 49748 = 5*a. Is a a composite number?
False
Let s = 172 + -100. Suppose -762 = s*n - 75*n. Is n composite?
True
Let l(r) = 23 + 3*r**3 - 2*r**3 + 64 - r. Is l(0) a composite number?
True
Suppose -5*z + 4443 = 4*r, 0 = 3*z + 3*r - 2*r - 2663. Is z a prime number?
True
Let i(n) = -4*n + 5*n - 5*n - 5 - n**3 + n - 6*n**2. Is i(-9) prime?
False
Let o(a) = -4*a + 4. Let h be o(4). Let q be 182/(-6) - 4/h. Is 3/18 - 445/q prime?
False
Let g = 589 - 371. Let p(m) = -13*m + 8. Let v be p(-9). Suppose 2*w - g = -2*c, -3*w + 0*w = -c + v. Is c a composite number?
False
Let t be (3/(-1))/((-5)/4210*2). Suppose -x - 232 = -t. Is x prime?
True
Let x = 30 - 20. Let g(t) = -12*t + 21*t - 5*t - 1. Is g(x) a composite number?
True
Let x(v) = 3*v**2 + 9*v - 11. Let h(t) = -2*t**2 - 8*t + 10. Let a(c) = 4*h(c) + 3*x(c). Suppose 52 = -5*n + 7. Is a(n) a prime number?
False
Let r = -51 - -54. Is 1176 - 1 - 12/r prime?
True
Let x = 9 + -5. Let d be (x - 4) + (-6)/(-2). Suppose 0 = -d*c + w - 0*w + 499, 4*w - 175 = -c. Is c a prime number?
True
Suppose 6*q - 2*q - 12787 = -h, -2*q - 2 = 0. Is h prime?
True
Suppose 23*z - 307687 = -19980. Is z a composite number?
True
Suppose -3*u - 3234 = -2*g - 697, 0 = -4*g - 8. Let r = 1212 + u. Is r a composite number?
True
Suppose 5*d + 252 = -2*b - 2, d + 43 = -3*b. Let c = 117 + d. Is c a composite number?
True
Let b = 16 + -16. Suppose b*f - 4*f = -636. Is f composite?
True
Let w(y) = -y**2 + 12*y - 8. Let x be w(11). Suppose -5*a - 4 = -s - 1, x*a - 15 = -5*s. Let c(m) = -m**2 + 57. Is c(a) a composite number?
True
Let s = -3362 - -11479. Is s a prime number?
True
Let t(j) = -5*j**2 + 11 + 69*j**3 - 18*j**3 - 28*j**3 - 14*j - 22*j**3. Let p be 2*2*(-27)/(-12). Is t(p) a composite number?
True
Let f(z) = 7*z**2 - 33*z + 66. Let s be f(-25). Suppose -4*j + 6*j = s. Is j composite?
False
Let c(l) = l**3 + 8*l**2 - 8*l + 11. Suppose 0 = 3*t - 4*p - 2 + 13, 4*p = t - 7. Let k be c(t). Is (92/k)/(-7 + 9) composite?
False
Let h = -19 - -18. Is (-116 - (-3)/1)*h a prime number?
True
Let y(a) = a**3 + 11*a**2 - 4*a - 10. Let v = 13 + -20. Is y(v) a composite number?
True
Let b(f) = -f**3 - 9*f**2 - 7*f + 10. Let z be b(-8). Suppose -2235 = -z*w - 3*w. Is w composite?
True
Let g = -7414 - -17975. Is g composite?
True
Let z(v) = -16*v**2 + v**3 - 26 + 49 - 19*v + 4*v**2. Is z(14) a prime number?
True
Let r be -3 + (-3 - (0 - -609)). Let l = -196 - r. Is l a prime number?
True
Suppose 3*g = 2 + 4. Let h = -13 + 25. Is ((-78)/(-12))/(g/h) a composite number?
True
Suppose -o + 2323 = -2004. Is o prime?
True
Suppose -5*n + 31 - 1 = -5*o, 14 = n - 3*o. Suppose 197 = j - 5*k - 124, -n*j + 660 = -k. Is j prime?
True
Suppose 1 = 5*g + 6. Is (g - -3)/(4/538) a composite number?
False
Let c = -4 + 3. Let w be ((-41)/2)/(c/130). Is w/10*(-2)/(-1) composite?
True
Let z = 14 + -8. Let x(o) = o**2 + 8*o - 8. Let m be x(-11). Let y = m + z. Is y a prime number?
True
Is ((-16066)/(-3))/(26/39) prime?
False
Let n(l) = 13*l**3 + 15*l**2 - 8*l - 17. Let b(z) = -3*z**3 - 4*z**2 + 2*z + 4. Suppose 0*o - o = 9. Let v(j) = o*b(j) - 2*n(j). Is v(-3) a prime number?
True
Let t = -339 + 524. Is t a prime number?
False
Suppose -10504 = -3*r + 6605. Is r prime?
False
Let k(v) = v**3 + 13*v**2 - 34*v + 10. Let d be k(-16). Let m = d - -467. Is m composite?
True
Let p = -89 - -94. Suppose 28337 = p*g + 2*y, 2*g - y - 11358 = 4*y. Is g a prime number?
True
Let n(x) be the third derivative of 0 + 3*x**2 + 0*x + 1/2*x**3 - 3/2*x**4. Is n(-3) a composite number?
True
Suppose -7*t + 11916 = 1115. Is t a prime number?
True
Let k(u) = 16*u - 7. Suppose -4*f + 6*f = 0. Let m be (1 - f - -14) + -1. Is k(m) a composite number?
True
Suppose 0 = 3*x - 2*l + 4, -x - 2 = 3*x - 2*l. Suppose n - 2 = x. Is 1057/5 - n/10 prime?
True
Let x(i) = -3*i - 7. Let m be x(-3). Suppose m*u - 3*u = 446. Is (u/4)/(2/(-4)) a composite number?
False
Let b = 9639 - 2386. Is b a composite number?
False
Let r = -2 - -8. Let y be (-4)/(-22) + 2826/66. Let p = r + y. Is p composite?
True
Let o be (3 - (-3 + 7))/1. Is (-1)/(504/(-503) - o) a composite number?
False
Let p be ((-18)/(-63))/((-2)/(-28)). Suppose p*d = -d. Suppose -7*h + 3*h + 628 = d. Is h composite?
False
Suppose 2*k + 2168 = k + 5*i, 3*i = 3*k + 6528. Let h = k - -3549. Let u = -928 + h. Is u prime?
True
Suppose 3*q - 115090 = 3*c + 326717, -441817 = -3*q - 2*c. Suppose 7*b - q = -10*b. Is b prime?
True
Let n = -1 + 1. Suppose z + 66 + 5 = n. Let b = z - -110. Is b a composite number?
True
Suppose -t + 2722 = -3*f, 467 = 4*t + f - 10408. Is t composite?
False
Let z(w) = w**3 + w**2 - w + 1. Let a(o) = -5*o**3 - 10*o**2 + 8*o - 2. Let y(c) = -a(c) - 4*z(c). Is y(-5) a composite number?
False
Suppose -l + 16 = 10. Let z be 26/39 - (-8)/l. Suppose 0 = z*b + 3*b + t - 103, -t = -5*b + 107. Is b a composite number?
True
Suppose z - 10794 = -5*h - 0*z, -3 = 3*z. Is h a prime number?
False
Let y = -303 - -619. Suppose 0 = -3*d - 341 - y. Let c = d - -308. Is c prime?
True
Let c(u) = -28*u**2 + 14*u + 1. Let n(h) = 85*h**2 - 43*h - 3. Let j(y) = 8*c(y) + 3*n(y). Is j(5) a composite number?
True
Let d be 2/(-5) - (1108/(-5))/4. Let r = d - -2. Is r prime?
False
Let y be (-3 + 1302/12)/(2/4). Suppose t - y = -4*c, 2*t + 3*c - 407 = -0*t. Is t composite?
False
Let x(f) = -437*f - 60. Is x(-23) a prime number?
False
Suppose 4*v - 444 - 244 = 0. Suppose -137 = -m + 4*u, 4*m - v = 4*u + 436. Is m a prime number?
True
Suppose -3*r - 3*v = -33, 3*r - 4*v - 10 = -2*r. Suppose 3*l - 20 = -w, -l - 2*w = -9 - r. Is l + 8 + 1 + 1 prime?
False
Suppose -3*k + n + 177415 = 0, k + 4*n - 59141 = 5*n. Is k a composite number?
True
Is 3/3*((-72)/(-9) - -14805) composite?
False
Let v be ((-9)/6 - 1)/(17/(-34)). Let y = -49 + 295. Suppose c + 227 + y = v*l, -c + 91 = l. Is l a prime number?
False
Let t = -35 - -59. Let j(c) = 2*c + 9. Let d be j(11). Let g = t + d. Is g a prime number?
False
Suppose 3*z - 72 = -5*t, -2*t + 40 = 2*t - 2*z. Suppose 0 = 7*g - t*g + 130. Is g a prime number?
False
Let j = -40 - -60. Let u = 20 + j. Suppose 2*i - 406 - u = 0. Is i composite?
False
Let w(s) = 30*s**2 + 7*s + 22. Let o be w(-6). Suppose 5*n = 55 + o. Is n a prime number?
True
Suppose 20*r + 739607 = 91*r. Is r composite?
True
Suppose 64*h - 80815 = 57*h. Is h a composite number?
True
Let b be (0 - 2)*(802/(-4) - 0). Let j = 2350 - b. Is j composite?
False
Let z(y) = -2*y**2 + 82*y - 47. Is z(12) a prime number?
False
Let f = 9 + -9. Let d be (-2)/(-6)*(f + 48). Is 38/(-3)*(-72)/d a composite number?
True
Let l(y) = 954*y - 183. Is l(13) prime?
False
Let j(p) = p**3 + p**2 - 13*p - 4. Suppose 0 = 3*w - 31 + 4. Is j(w) composite?
True
Let b be -3 - (-1 + 3 + -3). Let a 